8
What is the ten thousands digit of 88339?
8
What is the tens digit of 23918?
1
What is the ten thousands digit of 39776?
3
What is the hundreds digit of 1688956?
9
What is the millions digit of 1696895?
1
What is the tens digit of 362017?
1
What is the tens digit of 15979224?
2
What is the ten thousands digit of 126432?
2
What is the tens digit of 3882730?
3
What is the thousands digit of 129923?
9
What is the tens digit of 418950?
5
What is the millions digit of 18345141?
8
What is the units digit of 79281?
1
What is the tens digit of 3963260?
6
What is the ten thousands digit of 32599840?
9
What is the tens digit of 257792?
9
What is the thousands digit of 2090199?
0
What is the ten thousands digit of 6960271?
6
What is the hundred thousands digit of 4975646?
9
What is the thousands digit of 31090124?
0
What is the thousands digit of 401292?
1
What is the ten thousands digit of 1140567?
4
What is the hundred thousands digit of 189330?
1
What is the hundred thousands digit of 2801228?
8
What is the hundred thousands digit of 13736405?
7
What is the hundreds digit of 641135?
1
What is the hundred thousands digit of 781933?
7
What is the tens digit of 5104575?
7
What is the millions digit of 1411090?
1
What is the hundreds digit of 2598500?
5
What is the ten thousands digit of 11158411?
5
What is the hundreds digit of 41341?
3
What is the units digit of 215526?
6
What is the millions digit of 2292048?
2
What is the millions digit of 1548365?
1
What is the hundreds digit of 283666?
6
What is the hundreds digit of 4173301?
3
What is the hundred thousands digit of 146434?
1
What is the thousands digit of 2183?
2
What is the thousands digit of 120729?
0
What is the thousands digit of 665460?
5
What is the hundreds digit of 44589?
5
What is the units digit of 15365997?
7
What is the units digit of 121414?
4
What is the thousands digit of 11530375?
0
What is the ten thousands digit of 497487?
9
What is the hundreds digit of 1860188?
1
What is the hundreds digit of 1535031?
0
What is the hundred thousands digit of 181267?
1
What is the ten thousands digit of 1842284?
4
What is the hundreds digit of 257470?
4
What is the ten thousands digit of 11502836?
0
What is the units digit of 467550?
0
What is the ten thousands digit of 2045387?
4
What is the ten thousands digit of 10543610?
4
What is the thousands digit of 1428188?
8
What is the hundreds digit of 1889730?
7
What is the tens digit of 27712266?
6
What is the ten thousands digit of 280870?
8
What is the tens digit of 2758519?
1
What is the hundreds digit of 384?
3
What is the thousands digit of 7928955?
8
What is the millions digit of 9700061?
9
What is the hundreds digit of 4531959?
9
What is the ten thousands digit of 195815?
9
What is the tens digit of 225887?
8
What is the ten millions digit of 12007681?
1
What is the hundred thousands digit of 11618103?
6
What is the units digit of 10682715?
5
What is the ten thousands digit of 130684?
3
What is the units digit of 3237854?
4
What is the thousands digit of 9266227?
6
What is the millions digit of 1618771?
1
What is the millions digit of 9216219?
9
What is the millions digit of 35654684?
5
What is the units digit of 2352501?
1
What is the units digit of 7883129?
9
What is the ten thousands digit of 246770?
4
What is the tens digit of 2110556?
5
What is the hundred thousands digit of 497619?
4
What is the units digit of 4905329?
9
What is the hundreds digit of 9700405?
4
What is the hundred thousands digit of 233370?
2
What is the ten thousands digit of 275985?
7
What is the hundreds digit of 890534?
5
What is the hundred thousands digit of 6515164?
5
What is the ten thousands digit of 352752?
5
What is the tens digit of 2002320?
2
What is the units digit of 56866?
6
What is the ten thousands digit of 101074?
0
What is the thousands digit of 1195714?
5
What is the thousands digit of 1234713?
4
What is the tens digit of 403997?
9
What is the hundred thousands digit of 12911686?
9
What is the thousands digit of 1804513?
4
What is the tens digit of 1717059?
5
What is the hundreds digit of 6958198?
1
What is the hundred thousands digit of 253365?
2
What is the tens digit of 4252739?
3
What is the hundred thousands digit of 8952350?
9
What is the hundred thousands digit of 409148?
4
What is the ten millions digit of 22741398?
2
What is the ten thousands digit of 370295?
7
What is the thousands digit of 2638668?
8
What is the thousands digit of 13214920?
4
What is the tens digit of 331078?
7
What is the millions digit of 9956130?
9
What is the hundred thousands digit of 631291?
6
What is the hundred thousands digit of 5544797?
5
What is the thousands digit of 9725298?
5
What is the ten millions digit of 15215574?
1
What is the millions digit of 4041724?
4
What is the hundred thousands digit of 43064518?
0
What is the units digit of 1076453?
3
What is the ten thousands digit of 159974?
5
What is the tens digit of 358967?
6
What is the tens digit of 8314026?
2
What is the millions digit of 1493911?
1
What is the thousands digit of 362973?
2
What is the hundred thousands digit of 799411?
7
What is the tens digit of 1246454?
5
What is the units digit of 92066?
6
What is the millions digit of 5562078?
5
What is the hundred thousands digit of 1098302?
0
What is the hundred thousands digit of 5338700?
3
What is the ten thousands digit of 37625868?
2
What is the thousands digit of 975788?
5
What is the ten thousands digit of 580681?
8
What is the tens digit of 596124?
2
What is the hundreds digit of 545580?
5
What is the tens digit of 76660?
6
What is the thousands digit of 11201795?
1
What is the hundred thousands digit of 1852948?
8
What is the thousands digit of 59560?
9
What is the ten thousands digit of 5742022?
4
What is the thousands digit of 226406?
6
What is the thousands digit of 205647?
5
What is the ten thousands digit of 774291?
7
What is the units digit of 388177?
7
What is the ten thousands digit of 1143628?
4
What is the hundred thousands digit of 9419765?
4
What is the ten thousands digit of 19581692?
8
What is the ten thousands digit of 646511?
4
What is the ten thousands digit of 332942?
3
What is the hundred thousands digit of 177483?
1
What is the thousands digit of 2587039?
7
What is the units digit of 345617?
7
What is the hundred thousands digit of 194627?
1
What is the units digit of 7642762?
2
What is the millions digit of 4574355?
4
What is the hundred thousands digit of 2398711?
3
What is the millions digit of 5918492?
5
What is the hundreds digit of 2030781?
7
What is the thousands digit of 2897029?
7
What is the hundreds digit of 513605?
6
What is the hundred thousands digit of 259956?
2
What is the hundreds digit of 417932?
9
What is the hundred thousands digit of 103891?
1
What is the hundreds digit of 523686?
6
What is the ten thousands digit of 275738?
7
What is the tens digit of 1275805?
0
What is the units digit of 7204842?
2
What is the tens digit of 1318296?
9
What is the hundreds digit of 2620590?
5
What is the hundreds digit of 204089?
0
What is the hundred thousands digit of 100602?
1
What is the hundreds digit of 4035370?
3
What is the tens digit of 2625917?
1
What is the hundreds digit of 194422?
4
What is the thousands digit of 751899?
1
What is the hundreds digit of 1251564?
5
What is the ten thousands digit of 27300087?
0
What is the units digit of 703655?
5
What is the hundred thousands digit of 289379?
2
What is the hundreds digit of 8256122?
1
What is the thousands digit of 992984?
2
What is the units digit of 115788?
8
What is the thousands digit of 1268891?
8
What is the millions digit of 7428086?
7
What is the ten thousands digit of 4173531?
7
What is the hundred thousands digit of 10234864?
2
What is the hundred thousands digit of 427980?
4
What is the ten thousands digit of 1026536?
2
What is the units digit of 500747?
7
What is the hundreds digit of 161211?
2
What is the ten thousands digit of 11189242?
8
What is the tens digit of 192026?
2
What is the ten thousands digit of 1359273?
5
What is the ten thousands digit of 91283?
9
What is the tens digit of 5077073?
7
What is the thousands digit of 457971?
7
What is the units digit of 717552?
2
What is the thousands digit of 3182356?
2
What is the tens